of c?
2
Suppose -4*d = 5*f - 9*f + 4, 0 = -4*f - d - 6. Suppose 4*r = -4*o + 8, -o - 2*r + 16 = 3*o. Let i = f + o. What is the units digit of i?
5
Let y be (-153)/(-5) + 3/15*2. Suppose -a = 3*k - y, -45 = -4*k - 4*a - a. What is the units digit of k?
0
Let s(f) = 7*f + 9. Let x be s(4). Suppose -8*i + x = -7*i. Let p = -15 + i. What is the tens digit of p?
2
What is the tens digit of (-3)/(-48)*532*152/2?
2
Let o be 3*(-1)/3*10/(-1). What is the tens digit of 80/(-3)*(-48)/o?
2
Let l(n) = n. Let y be l(3). Let t = -8 + 12. Suppose 9 = -y*q, 2*q - 20 = t*v - 5*v. What is the tens digit of v?
2
Let m = -6 - -11. Let r be -12*(-4)/3*m. Let y = -53 + r. What is the tens digit of y?
2
Let p = 4 + -2. Suppose 5*r + p*l - 151 = l, 4*r - 120 = -l. Let b = r + -16. What is the units digit of b?
5
Let b be 14*1*48/4. Suppose -3*x = -5*m - 290, 0 = 2*x - 0*m + 3*m - b. What is the units digit of x?
0
Let p(v) = -v**3 - 5*v**2 + 12*v - 14. Let m be p(-6). What is the units digit of m/(-4 - -2) - (-1 - 2)?
8
Let h(x) be the third derivative of x**7/1680 + 3*x**5/20 - 2*x**2. Let p(c) be the third derivative of h(c). What is the tens digit of p(10)?
3
Suppose 0 = -2*j + 4 - 22. What is the tens digit of (-1 - j)/(3*8/96)?
3
Let r = 80 + -64. What is the tens digit of (-92)/r*(-12)/1?
6
Let l = 59 + 1730. What is the tens digit of l?
8
Let b = 1385 + -872. What is the hundreds digit of b?
5
Let l be (-88)/(-4) - (-4)/(-1). Let w(i) = -i**2 + 20*i - 4. What is the tens digit of w(l)?
3
Suppose -p = 4*a - 2903 - 544, 5*a + 3411 = p. What is the hundreds digit of p?
4
Let s(d) = 45*d - 208. What is the tens digit of s(27)?
0
Suppose 5*z - 7100 = 5*s, -2*s - 4014 = -3*z + 251. What is the tens digit of z?
2
Let t(k) = k**3 - 7*k**2 - k - 9. Let h be t(7). Let n = -14 - h. Suppose 0*s - n*s = -5*a + 145, 2*a - 29 = -5*s. What is the tens digit of a?
2
Let f be 138/8 - (27/12 + -3). Suppose -l + 58 = -f. What is the tens digit of l?
7
Let t(i) = -4*i**3 - 2*i**2 - 2*i - 6. Let h be t(-3). Suppose -459 = -9*n - h. What is the tens digit of n?
4
Suppose 0 = 3*f - 2*f - 24. Let s be 0/(-45) - 1/(1/(-2)). Suppose -3*p + 25 = 4*n, s*p = -4*n + f + 2. What is the units digit of n?
7
Let c(x) = 2*x - 25. Let y be c(14). Suppose y*p = 0, 3*s - 573 = -2*p + 27. Suppose 0*d = -4*d + s. What is the units digit of d?
0
Suppose 0 = 2*d + 5*r - 7 - 6, 2*d - 4*r - 4 = 0. Let u = d - 0. Suppose -s + 45 = u*s. What is the units digit of s?
9
Suppose -t + 36*m + 1457 = 40*m, -4*m + 16 = 0. What is the thousands digit of t?
1
Let q(l) be the first derivative of 4*l**3/3 + l**2/2 - 7. Let p be q(-1). Suppose 4*d = -2*x + 94, -d - d = p*x - 125. What is the tens digit of x?
3
Suppose -11*s = -76 + 21. Let i be (-1)/((-1)/(-2)*-1). Suppose 0 = 2*h - s*t - 16, t - 20 = -i*h + 4*t. What is the tens digit of h?
1
Suppose -2*h = -r - 2, -5*r - 4 = -4*h - 6*r. What is the units digit of (2 - h)*34 + 1?
5
What is the hundreds digit of (-6 - (-1 + -7)) + 114?
1
Suppose -8*h + 48 = -0*h. Let u be (6/(-4))/(h/(-32)). Suppose u*c - 39 = 81. What is the tens digit of c?
1
Let i(q) = q**3 + q**2 - 4*q + 476. What is the hundreds digit of i(0)?
4
Let k = 1 - 5. Let m(j) = j**3 + 9*j**2 + 10*j + 13. Let t be m(-8). What is the units digit of ((-38)/t)/(k/(-6))?
9
Let f be 3 - (2 - -1) - -1. What is the units digit of (-4)/(-4) + f + 3?
5
Let s(v) be the second derivative of -2*v**5/5 + v**3/6 + v**2/2 - 3*v. Let q be s(-1). Let c = 29 - q. What is the tens digit of c?
2
Let o(j) = 17*j. Let w be -4 - (5 - 4)*7. Let k(p) = -p**2 - 10*p + 13. Let t be k(w). What is the tens digit of o(t)?
3
Suppose -10 = -3*c + 2. Suppose 1 - 8 = c*b - 5*m, -3*m = -5*b - 12. What is the units digit of 6 - (-1 + (b - -2))?
8
Suppose 29 + 108 = -5*c + v, 0 = 3*c + v + 87. What is the units digit of (16280/c)/(-5) - 6/21?
6
Suppose -2 = 4*s - 14. Suppose 3*t + v + 232 = 6*t, 0 = t + s*v - 64. What is the units digit of t?
6
Suppose 2*u = 5*j + 15, 0*u - 2*u = 5*j + 15. Let d be (-2)/2*(-2 - j). What is the units digit of (d + (-4)/(-12))*-42?
8
Suppose 0 = -23*q - 12947 + 109685. What is the tens digit of q?
0
Let m(c) = -10*c**3 - c**2 - c - 1. Let k be m(-1). Let n = -10 + k. What is the tens digit of -2 + n + 16 + 5?
1
Suppose -q - q + 24 = 4*t, -4*t + 36 = -q. Let m = 10 - 22. What is the units digit of t/6 + (-8)/m?
2
Let s be (-24)/(-1) + (-2)/1. Suppose s = 2*y - 4. Suppose y + 32 = 3*d. What is the tens digit of d?
1
Let q be ((-2)/(-1))/((-7)/(-35)). Suppose 6*p - 6 = p + 2*y, -p - 4*y = -q. Suppose p*i = 4*i - 40. What is the units digit of i?
0
Let g = 241 - 140. Let a = g - 77. What is the units digit of a?
4
Suppose f - 967 = 1899. What is the tens digit of f?
6
Suppose 0 = -2*z - 2, 3*f - 7815 - 9404 = -z. What is the hundreds digit of f?
7
Let k(i) = -i**2 + 9*i - 8. Suppose 3*d - 4 - 14 = 0. What is the units digit of k(d)?
0
Suppose -243 = -6*i + 123. Let j = 113 - i. What is the tens digit of j?
5
Suppose 3864 = 30*v - 27*v. What is the units digit of v?
8
Let a(x) = -8*x + 12. Let l be a(5). Let s = 48 + l. Suppose y - s = 4. What is the tens digit of y?
2
Suppose 20*z - 2287 = 1893. What is the units digit of z?
9
Let l = 1342 - -1179. What is the units digit of l?
1
What is the units digit of 2/12 + (3 - 1462/(-12))?
5
What is the units digit of (-11)/(66/(-12450)) + 4?
9
Let w = -9 - -14. Suppose -15 = 2*n - w*y + 34, 4*n = y - 53. What is the units digit of (4 - (-64)/n)*-3?
4
Let o = 278 + -195. Suppose 0*w = 5*w + 2*m - 430, -m = w - o. What is the units digit of w?
8
Let p(u) = 13*u + 1. Let g(h) be the first derivative of 13*h**2/2 + 5. Let v(a) = 6*g(a) - 5*p(a). What is the tens digit of v(3)?
3
Suppose -5*l + 4*n = -5647 + 1948, l - 4*n = 743. What is the tens digit of l?
3
Suppose -1083 = -87*b + 84*b. What is the hundreds digit of b?
3
Suppose -45467 = -27*m + 87562. What is the tens digit of m?
2
Let a(w) be the second derivative of w**4/12 - w**3 + 5*w**2/2 - 6*w. What is the tens digit of a(9)?
3
Let y(i) = i + 15. Let b be y(4). Let p = b + -25. What is the units digit of p/15*(-130)/4?
3
Let z(o) = 81*o**2 - 4*o + 14. What is the thousands digit of z(4)?
1
Let n(j) = 14*j - 48. Let m(f) = 5*f - 16. Let o(k) = 8*m(k) - 3*n(k). Let a be 4/(-2) + 28/(-4)*1. What is the units digit of o(a)?
4
Let p(q) = 30*q - 2. Let m be p(6). Let x = -120 + m. Let s = -29 + x. What is the units digit of s?
9
Let c be (4/(-12))/(2/(-24)). Let d be (0/1)/(c + -2). Suppose d = -4*l - 17 + 61. What is the units digit of l?
1
Let w = -272 - -701. Suppose 3*k + 0*k - w = 0. What is the tens digit of k?
4
Let o(r) = r**2 - 11*r + 17. Suppose -2*y + 14 = 4*c, 0 = -y - c + 2 + 7. What is the tens digit of o(y)?
1
Let v(n) = 3*n**3 - 5*n**2 - 28*n + 5. What is the tens digit of v(8)?
9
Let q(c) = c**3 + c**2 + c - 3. Let j be q(-3). Let t = -7 - j. What is the tens digit of t?
1
Suppose 137*a + 23720 = 142*a. What is the thousands digit of a?
4
Suppose 3*n + 2868 = i, -5*n = -3*i + 12935 - 4351. What is the hundreds digit of i?
8
Let q(m) = 37*m + 4. Let s be q(6). Suppose 0 = -k + 2*a + 79, -3*k + 0*k + s = 5*a. What is the tens digit of k?
7
Suppose 5*f + 1132 - 254 = q, -4*q + 3512 = -4*f. What is the hundreds digit of q?
8
Let s(y) = y**2. Let j be s(2). Suppose 3*q - j = -q. Suppose 0 = c - 3*g + q + 1, -6 = -5*c - g. What is the units digit of c?
1
Suppose 0 = -3*b + 3*i + 1355 + 2947, 0 = 5*i. What is the thousands digit of b?
1
Suppose 0 = 33*z - 72000 + 14811. What is the thousands digit of z?
1
Let m = -498 - -811. Suppose -5*l + m = -2*o + 5*o, 0 = 4*o + 16. Let f = -32 + l. What is the tens digit of f?
3
Suppose j - 30 = -2*j. Let o = 13 - j. What is the units digit of 190/15 - (-1)/o?
3
Let a(k) = 9*k**3 - 2*k**2 + 2*k - 1. Let n be a(1). Let b = -8 + n. Let c(l) = -l**3 + l**2 - l + 18. What is the tens digit of c(b)?
1
Suppose -5*a + 2*a = -6, 0 = n - 2*a + 2. What is the tens digit of 8/(-6)*(-87)/n?
5
Let l be (-944)/(-28) - (-20)/70. Let q(k) = k**3 + 5*k**2 - 6*k - 6. Let t be q(-5). Let i = l - t. What is the tens digit of i?
1
Let h(w) = -w + 8. Let v be h(8). Suppose -3*y + 0*y + 354 = v. Suppose -4*x = 3*s - y, s - 4 = -s. What is the tens digit of x?
2
Let l be 30/4 + (-2)/4. Suppos